or of q and y?
11
Let t(z) = -z**3 - z**2 + z + 154. Let q be t(0). Suppose 2*h = 2*r - 28, -5*r + 3*h - 1 + 71 = 0. Calculate the highest common factor of q and r.
14
Suppose -3*n = -n - 6. Suppose -3*w - n*s - 2*s - 154 = 0, -s - 264 = 5*w. Let y = -25 - w. Calculate the highest common divisor of 14 and y.
14
Let s = -9 + 13. Let r be (s/8)/(1*(-2)/(-96)). Calculate the greatest common divisor of 192 and r.
24
Let d(h) = -12*h - 6. Let b be d(-13). Suppose 6*g - b = 36. Calculate the greatest common factor of 155 and g.
31
Let c be 2/4 + (-28)/8. Let m be (1 + -1)*c/6. Suppose m*u - u + 234 = v, 4*u = 8. What is the highest common divisor of 29 and v?
29
Suppose -90 = -3*q - 26*x + 28*x, -5*q = 5*x - 125. What is the greatest common factor of q and 21?
7
Let r be -1*15/(-12)*4. Let s(o) = -57*o + 2. Let k(z) = -58*z + 2. Let u(i) = r*s(i) - 4*k(i). Let b be u(-1). What is the greatest common factor of 5 and b?
5
Let l(j) = -j + 13. Let o be l(9). Suppose 0 = -o*f - f + 10. Let z be (f - 7)*(5 - 12). What is the highest common divisor of z and 14?
7
Suppose -23 = -5*k + 102. Let l = k - 6. What is the highest common factor of 19 and l?
19
Let b = -21 - -22. Let q(x) = -11*x**2 - x. Let u be q(b). Let r be -24*7*3/u. What is the greatest common divisor of 14 and r?
14
Let p(t) = -77*t**3 + 3*t**2 - 3. Let l be p(-1). Calculate the greatest common factor of l and 14.
7
Let u(m) be the second derivative of -m**5/20 + 5*m**4/4 - 11*m**3/3 + 19*m**2/2 - 22*m. Let o be u(12). Calculate the highest common factor of o and 17.
17
Let i be 438 + 3 + 12/6. Suppose 0*o + i = 5*o - 2*y, 5*o + y = 431. Calculate the greatest common factor of 58 and o.
29
Let f be (-2)/(-4) - (-4309)/62. What is the highest common factor of 90 and f?
10
Let m be (10/(-3))/((-4)/(-792)). Let w be ((-2)/(-6))/((-10)/m). Let h be (110/4)/(2/8). What is the highest common divisor of w and h?
22
Suppose 0 = -2*r + 17 + 43. Let d(n) = 6*n + 212. Let o be d(-27). What is the greatest common factor of o and r?
10
Let l(x) = -x + 4. Let i be l(0). Let b = -181 + 44. Let k = b + 138. Calculate the highest common divisor of i and k.
1
Let u be (-1062)/(-42) + 4/(-14). Calculate the highest common factor of 450 and u.
25
Suppose 4*k - 2*d + 16 = -0*d, -5*d = k + 15. Let f = k + 12. Calculate the greatest common factor of f and 7.
7
Suppose 467*j + 42 = 469*j. What is the highest common factor of 224 and j?
7
Let y(z) = z**3 + 17*z**2 + 9*z. Let w be y(-16). Suppose 3 = 8*j - 53. What is the highest common factor of w and j?
7
Let h be (21/63)/(2/36). Calculate the highest common factor of 258 and h.
6
Let c(y) = y + 1. Let n be c(4). Let h(x) = 2*x**2 + 25*x + 83. Let g be h(-4). What is the greatest common factor of n and g?
5
Let q be (-54)/45*(-10)/4. Suppose x + x - c - 15 = 0, -x = -5*c - 30. Suppose -x*a + 13 + 17 = 0. What is the greatest common factor of a and q?
3
Let w(j) = 2*j - 37. Let g be w(17). Let x(k) = -13*k**3 - 4*k**2 - k - 3. Let r be x(g). What is the greatest common factor of r and 35?
35
Let a(k) = 5*k**2 - k. Let u be a(1). Suppose b + 2*d - 84 = -17, 134 = 2*b - 4*d. Let j = 83 - b. What is the highest common factor of j and u?
4
Suppose -4*g + 49 = -27. What is the highest common divisor of 171 and g?
19
Suppose -9*v = -2*v - 168. Suppose -i - 3 = 2*w - 14, -v = -3*w - 3*i. Suppose -w*y + 63 = 3. Calculate the greatest common factor of 20 and y.
20
Let d(f) = f**3 + 6*f**2 - 3*f + 11. Let l be d(-5). What is the greatest common factor of 3 and l?
3
Let h = 30 + -18. Suppose -91 = 7*d - 385. Calculate the greatest common divisor of h and d.
6
Let z = 593 - 569. What is the highest common divisor of z and 174?
6
Suppose 0*m + 5*m + 29 = 3*j, 0 = 5*j + 3*m - 71. Let a(n) = -n**2 + 15*n + 44. Let z be a(j). Calculate the greatest common divisor of z and 28.
14
Suppose -10 = -2*c - 0*c. Suppose 0 = -7*d + c*d + 26. Calculate the highest common divisor of 91 and d.
13
Let c be (-4)/6*-9 + 6. Calculate the greatest common divisor of c and 21.
3
Suppose 0 = -0*z - z + 24. Let t = 48 - z. Let v be (35/(-10))/(168/(-144)). What is the greatest common divisor of t and v?
3
Let u = -516 - -866. Calculate the greatest common divisor of 50 and u.
50
Let f be (57 + 2 - -3) + (14 - 18). Calculate the highest common divisor of 551 and f.
29
Let d(k) = -k**3 - 3*k**2 - 3. Let q be d(-4). Let m(f) = f**2 + 8*f + 29. Let r be m(-4). What is the highest common factor of q and r?
13
Let u(k) = 462*k**2 - 2*k + 2. Let q be u(1). What is the greatest common factor of 21 and q?
21
Let f(u) = -u + 24. Let b be (-1)/(111/(-36) + 3). Let g be f(b). Calculate the highest common factor of g and 96.
12
Let g(n) = 12*n - 2. Let q(b) = -6*b + 1. Let f(v) = -3*g(v) - 5*q(v). Let t be f(-6). Calculate the greatest common divisor of 185 and t.
37
Let j(a) = 67*a - 441. Let y be j(8). What is the highest common divisor of 25 and y?
5
Suppose 13*p = 19*p - 108. What is the highest common divisor of p and 12?
6
Suppose p - 3*p - 92 = -t, 0 = 3*t + 2*p - 268. Calculate the highest common divisor of 45 and t.
45
Let b(u) = u**3 - 6*u**2 - 6*u + 6. Let q be b(7). Suppose 349 = 3*d - 80. Calculate the highest common divisor of d and q.
13
Let w be (-3 - -3)/((-2)/(-1)). Let n be w/2 - (-19 + 1). Suppose -20*p + 21*p - 72 = 0. Calculate the greatest common divisor of n and p.
18
Suppose -29 = -2*g - 4*v + 39, -5*v = -4*g + 201. What is the highest common divisor of 396 and g?
44
Let q be -14*(-3 - (-2)/4). Let y(w) = -w**3 - 14*w**2 - 12*w + 20. Let l be y(-13). What is the greatest common factor of l and q?
7
Suppose r = -8*r + 576. Calculate the highest common factor of r and 96.
32
Let i be (30/(3/1))/2. Let o(h) = 49*h**3 - 2*h**2 - h + 2. Let f be o(1). Suppose -i*c = -c - f. Calculate the greatest common divisor of 24 and c.
12
Let o(j) = 8 + 3*j - 7*j + 2 + 4*j**2 + j**3. Let f be o(-5). Calculate the highest common divisor of f and 35.
5
Let t be (-2)/4 + 231/14. What is the greatest common divisor of t and 256?
16
Let a = 928 + -916. Calculate the greatest common factor of a and 738.
6
Let k = -2282 + 2605. What is the greatest common divisor of 119 and k?
17
Let q be (-45 + 15)/10*14/(-6). Let j = 34 + -6. What is the greatest common divisor of q and j?
7
Let g = 272 + -162. Let l(x) = -9*x + 1 + 2 - 4. Let d be l(-5). Calculate the highest common divisor of g and d.
22
Suppose 3*u = f - 2, -3*f + 15 + 21 = -3*u. What is the highest common divisor of 34 and f?
17
Let m(r) = -r**2 - 8*r + 4. Let g be m(-6). Let c be 3/(-9) + 4/12. Suppose 5*p + 1 = -9, -j + 4*p + 120 = c. What is the highest common divisor of g and j?
16
Suppose 0 = -2*q + 7*q. Let n be -3*(-1)/(-9)*q. Suppose n = -5*i + 45 + 115. Calculate the highest common divisor of i and 4.
4
Let a = -21 + 25. Suppose -a*c - y - 2*y = -75, -5*c + 2*y + 88 = 0. Let w(q) = q + 2. Let t be w(0). Calculate the greatest common factor of c and t.
2
Suppose 328*g - 337*g + 18 = 0. Calculate the greatest common factor of g and 47.
1
Let t(w) = 62*w - 48. Let v be t(2). Calculate the highest common factor of 8 and v.
4
Suppose 66*m - 60*m - 144 = 0. What is the greatest common divisor of 36 and m?
12
Suppose -k - 22 + 29 = 0. Suppose k*j = 10*j - 60. What is the greatest common divisor of j and 4?
4
Let l be 4667/2 - 2/(-4). Let v be 60/(-480) + 1*(-626)/(-16). Let u be (-6)/(-39) + l/v. Calculate the greatest common factor of 6 and u.
6
Suppose -4*j = -8*j - 200. Let q be (-32)/(-40)*(-2)/(8/j). Calculate the highest common factor of q and 70.
10
Let y = -53 + 78. Let l be (120/y)/((-3)/(-15)). Calculate the greatest common divisor of l and 192.
24
Suppose 3*k + 2*o = 6*o + 15, 0 = -5*k + o + 25. Suppose -6*r + 24 = -2*r. Suppose 0 = 2*g - r - 4. What is the greatest common factor of g and k?
5
Let z(c) = 9*c. Let w(s) = -45*s. Let l(o) = -5*w(o) - 24*z(o). Let q be l(2). What is the greatest common factor of q and 18?
18
Let j be ((-2)/(-5))/(3/(-90)*-1). Suppose -22 = 2*u - 214. Suppose u = -4*z + 6*z. Calculate the greatest common divisor of z and j.
12
Suppose 0*y - 4*y + 850 = -i, 0 = y + 5*i - 202. Suppose 4*a - 188 = y. Let x = -53 + 78. What is the highest common divisor of a and x?
25
Let s(y) = y**3 - 11*y**2 - 76*y + 8. Let t be s